emainder when i is divided by r?
1
Let s(f) = 3*f**2 + 7*f - 6. Let j(v) = -4*v**2 - 7*v + 6. Let n(d) = -2*j(d) - 3*s(d). Calculate the remainder when 2 + -1*1 + 22 is divided by n(-7).
5
Let y(x) = -x**2 + 30*x + 2. Calculate the remainder when 49 is divided by y(30).
1
Let y = 30 + 8. Calculate the remainder when 376 is divided by y.
34
Let t = -36 + 117. Calculate the remainder when t is divided by 28.
25
Suppose -2*r - 3*r + 5 = 0. Suppose 0*z = 3*a - z + 7, 0 = -z + 1. What is the remainder when 6 is divided by (4 + a - 0)/r?
0
Calculate the remainder when 29 is divided by -4 + 9/2 + 37/2.
10
Let i(l) = -l**2 + 7*l + 5. Let r be i(4). Let k = r - 8. What is the remainder when 32 is divided by k?
5
Suppose q - 3 - 7 = 0. What is the remainder when q is divided by (-1 + 13)/(5 + -2)?
2
Suppose 0 = -7*d + 4*d + h + 3, -d + 4*h = -1. Let w(m) = -25*m**3 + m. Calculate the remainder when (d - 2) + 2 - -45 is divided by w(-1).
22
Suppose 3*n + 9 = 0, -3*x = -8*x + 2*n - 99. Let h = 33 + x. Suppose 15*j - 62 - 283 = 0. What is the remainder when j is divided by h?
11
Let d = 30 + -18. Let j(p) = 5*p + 34. Let r(f) = -f**2 + 19*f - 34. Let w be r(17). Calculate the remainder when j(w) is divided by d.
10
Let m = -13 + 244. Let r be ((-352)/33)/((-1)/(-12)). Let f = m + r. Calculate the remainder when f is divided by 21.
19
Suppose 0 = 6*h + 5 - 77. What is the remainder when 67 is divided by h?
7
Suppose 28*d - 71 = 181. Suppose -u + 5 = 4*h - 0*h, 5*u = 2*h + 91. What is the remainder when u is divided by d?
8
Let j be (-5 + 4)/(1*-1). Let r = -27 + 28. Suppose 2*a - j = r. Calculate the remainder when 1 is divided by a.
0
Let c(h) = -h**3 + h**2 + 4. Let w be c(0). Suppose -2*y + 56 = 16. What is the remainder when y is divided by (-3)/12 + 45/w?
9
Let f be -2 + (7 - (3 - 2)). Suppose -y - 40 = 2*v, f*v + 2*y = -y - 84. What is the remainder when 21 is divided by 46/6 + (-6)/v?
5
Let k be (-160)/(-6) - (-2)/6. Suppose n - 16 = 5*y, 3*n - 9 = 8*y - 6*y. Calculate the remainder when 33 is divided by ((-9)/k)/(n/(-27)).
6
Let h(p) = -2*p**3 - 112*p**2 - 3*p - 38. Calculate the remainder when 239 is divided by h(-56).
109
Let i(g) = 9*g - 3. Let h = -4 + 2. Let u be (3 + h)/(3/15). Calculate the remainder when i(u) is divided by 9.
6
Suppose -h + 297 = -5*b + 33, -3*h - 5*b = -712. Let o = -157 + h. Let t = 170 + -148. What is the remainder when o is divided by t?
21
Suppose -5*r = -4*g - 794, 0 = 3*g - 0 + 3. Calculate the remainder when r is divided by 40.
38
Let j(v) = -11*v - 23. Let y(r) = -11*r - 22. Let q(d) = -4*j(d) + 5*y(d). What is the remainder when q(-8) is divided by 24?
22
What is the remainder when ((-1104)/84)/(3 + 69/(-21)) is divided by 7?
4
Let r(n) = -4*n**3 + 30*n**2 - 3*n + 4. Calculate the remainder when 477 is divided by r(7).
72
Calculate the remainder when 34 is divided by 1*(-7 + 3) - -18.
6
Let y(t) = t**2 - 3*t - 3. Let g be y(0). What is the remainder when 249/2*(g - 66/(-18)) is divided by 22?
17
Let n be ((-14)/6)/((-3)/(-144)). Let o = 126 + n. Calculate the remainder when 94 is divided by o.
10
Let k(q) = q**3 - 4*q**2 + 12*q - 32. Suppose -3 = a - 6. Suppose -2*n - a*n + 45 = 0. Calculate the remainder when k(4) is divided by n.
7
Let j(m) = 23*m**2 - m. Let i be j(-1). Suppose -6 - i = -5*u. Suppose 0 = 4*a - c - 14, -a + 17 = 2*a - 4*c. Calculate the remainder when u is divided by a.
0
Let v(y) be the second derivative of y**2 + 2/3*y**3 - 5*y + 0 + 3/4*y**4. What is the remainder when v(-3) is divided by 24?
23
Suppose -368 + 308 = -6*s. What is the remainder when s is divided by 9?
1
Calculate the remainder when 974 is divided by ((-234)/(-15))/(12/15)*2.
38
Let i = -72 - -77. Calculate the remainder when 207*(-4 + (i - 0)) is divided by 21.
18
Suppose 0 = -5*k + 230 + 10. Suppose -m = -6 - k. What is the remainder when m is divided by 11?
10
Let i(t) = -t**2 + 19*t - 26. What is the remainder when 578 is divided by i(7)?
56
Let n be (-1)/((-21)/28*(-4)/(-6)). Suppose -6*b + 100 = -2*b. Calculate the remainder when b is divided by 25/n - (1 - 0)/(-2).
12
Suppose 0 = -4*l + 2*z + 4, -2*l - 2*z + 2 = -0. Let b(i) = 13*i**3 - 2*i**2 + 2*i - 1. Calculate the remainder when b(l) is divided by 8.
4
Suppose -6*z - 2*z + 648 = 0. Suppose i + 31 + 14 = 0. What is the remainder when z is divided by (-6)/i*21*5?
11
Let g = 12 + -4. Let d = g + -5. Calculate the remainder when 10/(-15) - -13*2/3 is divided by d.
2
Suppose 200*p = 201*p. Suppose -4*t + t + a + 429 = p, -5*a + 411 = 3*t. Calculate the remainder when t is divided by 18.
16
Suppose 5*z - 60 = -5*r, 4*r + 5*z - 65 + 15 = 0. Calculate the remainder when 24 is divided by r.
4
Let g = -554 - -572. What is the remainder when 1402 is divided by g?
16
Suppose -9*z + 984 + 204 = 0. What is the remainder when 134 is divided by z?
2
Suppose -i - 5*t + 21 = 0, -3*t = 2*i - 2 - 40. Suppose 60 = l + i. What is the remainder when l is divided by 8?
7
Let z(r) be the third derivative of r**5/30 - r**4/12 - r**3 - 28*r**2. What is the remainder when z(3) is divided by 5?
1
Let l(o) = -58*o - 22. Suppose -i = 9*i + 20. What is the remainder when l(i) is divided by 49?
45
Let g = -1798 - -1805. What is the remainder when 344 is divided by g?
1
Suppose -j + 5*l - 8 = 5, -13 = j + l. Let y(h) = h + 1. Let g(c) = -6*c - 12. Let f(n) = g(n) + 4*y(n). Calculate the remainder when f(j) is divided by 7.
4
Let d = 37 + -26. Let b = -173 - -179. Calculate the remainder when d is divided by b.
5
Let k = -11 - -27. Suppose -4*m + 4*j = 19 + 45, -3*j = 3. Let o = m + 47. Calculate the remainder when o is divided by k.
14
Let a(l) = l**3 - 13*l**2 - 15*l + 40. Suppose y - 10 = 4. Calculate the remainder when a(14) is divided by y.
12
Let m = -504 + 591. Calculate the remainder when m is divided by 19.
11
Suppose 3*k = 5*m - 4 - 18, -28 = -5*m - 3*k. What is the remainder when 15/20*m*20 is divided by (76/12)/((-6)/(-18))?
18
Let l = -34 + 56. Suppose 8*v - 10*v = -10. Suppose 0 = v*b - 4*b - 8. Calculate the remainder when l is divided by b.
6
Let x be (-4)/8*6*-1. Let v(p) = -p**3 + 3*p**2 - 2*p + 4. Let y be v(x). Calculate the remainder when y - -17*(-2 - -3) is divided by 6.
3
Let i(w) = -55*w - 114. Calculate the remainder when i(-11) is divided by 38.
35
Suppose -31*d = -28*d - 60. What is the remainder when 38 is divided by d?
18
Let k = -5 - -8. Let a be k/(-1)*(-14)/21. Suppose 361 = 5*o - 2*p, 2*o + a*o - 296 = 4*p. Calculate the remainder when o is divided by 18.
17
Let x(d) = 477*d - 3. Calculate the remainder when x(1) is divided by 53.
50
Let a = 322 - 312. What is the remainder when 297 is divided by a?
7
Suppose -2*n - n - 2*q + 194 = 0, -q + 128 = 2*n. What is the remainder when n is divided by 19?
5
Let t be (-8)/2 + -3 + 4. Calculate the remainder when 7 is divided by 8/t*54/(-36).
3
Let z = 30 - 15. Calculate the remainder when 1305/(-18)*(-2)/5 is divided by z.
14
Let i(r) = -r**3 + 19*r**2 + 21*r - 15. Let y be i(20). Suppose -4*x + 1215 = y*x. What is the remainder when x is divided by 34?
33
Calculate the remainder when 47 is divided by (26/39)/(8/492).
6
Suppose -4*i - 2*w = -62, 48 = 2*i + i + 3*w. Suppose -5*y + b = 44, 4*y + 0*b - 2*b = -34. What is the remainder when i is divided by 12 - (0 - y/(2 - -1))?
6
Let d(q) = -q**3 + 22*q**2 + 9*q + 7. Calculate the remainder when d(22) is divided by 55.
40
Suppose 7*a + 185 = 3*a - c, 5*a + 205 = 4*c. What is the remainder when ((-10)/(-15))/((-2)/a) is divided by 9?
6
Suppose 0 = 2*g, 3*j - 3*g - 16 = -4. Suppose 3*m - 3*o - 6 = 0, -j*m + o = -2*m - 7. Suppose 13 = m*a - 27. What is the remainder when 31 is divided by a?
7
Let f = 182 - 111. What is the remainder when f is divided by 25?
21
Let t(l) = l**2 - 8*l + 6. Let q = 8 - 0. Calculate the remainder when (-3)/(99/(-6)) - 172/(-22) is divided by t(q).
2
Let r = 1036 - 994. What is the remainder when 796 is divided by r?
40
Suppose 75 = 8*l - 197. What is the remainder when l is divided by 19?
15
Suppose 0 = -29*x - 171 + 722. Suppose 4*b + 4*l - 212 = 0, 2*b + 3*l + 61 = 3*b. Calculate the remainder when b is divided by x.
17
Suppose -2*o + 2 = 2*y, -2*o - 28 = -4*y - 0*o. Suppose 146 = f + f - 4*n, -5*f - y*n + 290 = 0. What is the remainder when f is di